 2325/24 + -5 + (-2)/p?
2
Let n = -1220 + 3508. Suppose 4*l = 168 + n. What is the units digit of l?
4
Suppose 97494 = 4*d - 42026. What is the tens digit of d/(-96)*12/(-10)?
3
Let s(n) = 5*n**2 + 8*n + 2. Let f be 33/12 + (-1 - 15/(-12)). What is the tens digit of s(f)?
7
Let m(y) = 2*y**3 + y**2 + y - 1. Let j be m(1). Suppose -2*g + 167 = -3*u - 4*g, 4*g + 169 = -j*u. Let o = u + 93. What is the units digit of o?
8
What is the units digit of (221/(-3))/((-145)/11310)?
6
Suppose -359*k + 194*k = -3947955. What is the units digit of k?
7
Let s = -6197 + 15001. What is the tens digit of s?
0
Let v(u) = 15*u**3 + 11*u**2 + 54*u + 7. What is the hundreds digit of v(11)?
8
Let x be 180/(-42)*630/135. Suppose 2*m - 445 = 447. What is the units digit of m*-5*2/x?
3
Let q(l) = -50*l**2 - 649*l + 32. Let w be q(-13). Suppose 3*b = 2*b + t + 18, 0 = 3*b + t - 50. Let r = b + w. What is the tens digit of r?
3
Let y be 6*5/(-5) + 779. Let r = y - 454. What is the tens digit of r?
1
Suppose -18*s - 5*s + 262655 = 32655. What is the thousands digit of s?
0
Let m = 263 + -247. Suppose -19*g + 321 = -m*g. What is the hundreds digit of g?
1
Let c = -11422 - -18084. What is the tens digit of c?
6
Let v(f) = 5 - 2 - f**2 + 5*f + 2*f**3 - f**3 - 10*f. Let m be v(3). Suppose m*s - 4*s - 178 = 0. What is the tens digit of s?
8
Suppose -598*x = -609*x + 6182. What is the units digit of x?
2
Let w(j) = 34*j**2 + 4*j. Let f be -11*2/(-4)*2. Suppose h = 3*y + f, y + 4 = 4*h - 7. What is the tens digit of w(h)?
4
Suppose -112*m = -106*m + 5436. What is the hundreds digit of -2 - (m + (-6 - -10))?
9
Let n be -1*(-11)/((-3)/(-3)). Let p = 12 - n. What is the tens digit of (0/p)/4 + 97/1?
9
Suppose m - 4*n = -3*n + 8, 3*m - 14 = n. Suppose -y = m - 7, 5*o - 2665 = 5*y. What is the hundreds digit of o?
5
Suppose 0 = -31*l - 3 + 127. What is the units digit of 888 - (-8 - (l - 4))?
6
Suppose v = 5*m - 13 + 87, 2*m + 206 = 4*v. Let u = 49 - v. Suppose 2*c + u*c = 4*i - 330, 4*i - 321 = 5*c. What is the units digit of i?
4
Let r(d) = d**2 + 10*d - 42. Let s be r(-13). Let t be 2*s/9 + (-34)/(-6). Suppose 3*i = 4*v + 554, -t*i + v + 214 + 732 = 0. What is the tens digit of i?
9
What is the hundreds digit of (-3)/((-6)/4) - (-6235 + (-49)/7)?
2
Let s(d) = -d - 7. Let h be s(7). What is the hundreds digit of (2/(-6))/(14/2373)*h?
7
Suppose -137*k = -117*k - 120. Suppose 3*n - k*n + d = -5051, n = -5*d + 1673. What is the tens digit of n?
8
Let y(d) = 6784*d**2 + 589*d - 589. What is the units digit of y(1)?
4
Let n = 4821 + -102. What is the thousands digit of n?
4
Let a = 9165 - -3682. What is the thousands digit of a?
2
Suppose 9 = 13*n - 16*n. Let h(d) = d + 16. Let u be h(-18). What is the tens digit of (12/u)/(n/11)?
2
Let y be ((-25)/100)/(1/(-32)). What is the hundreds digit of (30/y)/(61/23668)?
4
Let v be (-972)/9 - -1*(0 - -1). Let t = v - -110. Suppose 39 + 168 = t*q. What is the tens digit of q?
6
Suppose 0 = -4*q + 3*m + 2*m - 1360, 0 = -5*q - 4*m - 1741. Let r = q + 607. What is the tens digit of r?
6
Let z(q) = -q**2 + 17*q - 55. Let c(r) = -3*r - 1. Let d be c(-3). Let j be z(d). Let t = j + 90. What is the tens digit of t?
0
Let o(t) be the first derivative of -33*t**4/4 - t**3 + 13*t**2 + 70*t + 86. What is the hundreds digit of o(-3)?
8
Let j(a) = -4*a**2 - 20*a + 2. Let r be j(-5). Suppose -r*b = -6*b + 928. What is the hundreds digit of b?
2
What is the thousands digit of (-1)/2 + 15562/24*6?
3
Suppose -7437971 = -264*v + 1248949. What is the units digit of v?
5
Let d(f) = 23*f - 44. Let n be d(2). Suppose -2840 = -5*v + 2*z, 0 = 7*v - n*v - 4*z - 2850. What is the hundreds digit of v?
5
Let z(g) = -23*g + 17. Let a(r) be the second derivative of r**5/20 - 11*r**4/12 + 3*r**3 - 2*r**2 - 20*r. Let k be a(9). What is the tens digit of z(k)?
0
Suppose 2*m + 2*v - 8 = 0, -6 = -3*v - 3. Suppose -m*l = 3*q + 2*q + 209, q - 4*l = -28. What is the units digit of q*((-12)/30 - (-4)/(-10))?
2
Let x(u) be the third derivative of 0 - 29/6*u**3 + 0*u + 1/60*u**5 - 3/8*u**4 + 2*u**2. What is the units digit of x(15)?
1
What is the ten thousands digit of 17250 - (-48 + 8 + 13)?
1
Let d = 18170 + -12428. What is the thousands digit of d?
5
Suppose 1167 + 4601 = 14*o. Suppose -u + 294 = -t, -o = 5*u + 5*t - 1832. What is the units digit of u?
9
Let c(y) = y**3 + 4*y**2 - 11*y - 11. Let i be c(-6). Let g = i + 56. What is the units digit of g?
9
Let b(j) = -2*j**3 + 3*j**2 - 7*j - 7. Let o be b(5). Let s = 591 + o. Suppose -5*w = -3*v + s, 6*v = v - w + 586. What is the units digit of v?
8
Suppose -30*n + 0*n + 270522 = -12*n. What is the thousands digit of n?
5
Suppose -67*o - 6490 = -68*o. What is the hundreds digit of o?
4
Let h(p) = -5*p**2 + 11*p + 50. Let u(q) = 4*q**2 - 12*q - 50. Let w(c) = 3*h(c) + 4*u(c). What is the hundreds digit of w(-16)?
4
Suppose -2*k - 2*d + 36 = 0, -2*k + 3*d + 19 = -2. Let c(n) = -148*n + 308*n - 41 - 154*n. What is the units digit of c(k)?
9
Let t(u) = -415*u**3 - 2*u**2 - 4*u - 8. Let w be t(-2). Suppose y = -3*p + 2482, 4*p - w = -7*y + 3*y. What is the tens digit of p?
2
Let b(n) = 13*n + 324. Let s be b(-22). Let x(k) = -k**2 + 3*k + 2. Let a be x(5). Let r = s + a. What is the units digit of r?
0
What is the thousands digit of (747810/(-405))/(10/(-45))?
8
Let i(s) = -7*s**2 - s + 2. Let o(t) = -t**2 + 9*t - 14. Let p be o(4). Let q be i(p). What is the hundreds digit of -1*((2 - 3) + q)?
2
Suppose -936*s - 4*b = -932*s - 185132, -2*s - 4*b = -92552. What is the thousands digit of s?
6
Suppose 3*b + 3 = -0*b, -3*h - 2*b = 5. What is the tens digit of 17*2/h*297/(-22)?
5
Let v = 149082 - 94700. What is the units digit of v?
2
Suppose 22*g - 20*g + 3*q - 2125 = 0, -2124 = -2*g - 4*q. Suppose -t + p + 177 = -35, -5*t = -3*p - g. What is the hundreds digit of t?
2
Let v(a) = a**3 - a**2 + a + 4. Let x be v(0). Suppose 3*k - 940 = -x*l, 2*k - 4*l = 485 + 155. What is the units digit of k?
6
Suppose 0 = 5*b, 4*h = -h + 2*b - 55. Let a(v) = v**3 - 8*v**2 + 2*v + 30. Let d be a(0). Let g = d + h. What is the units digit of g?
9
Let d be 50*((-18)/(-24) + 22/(-8)). Let i = d - -160. Suppose 20*r + i = 24*r. What is the units digit of r?
5
Let u(c) be the second derivative of -17*c**3/6 - 25*c**2/2 + 15*c. Let h be u(-6). Suppose 5*o + 32 = h. What is the units digit of o?
9
What is the tens digit of (1116/31 - 111)*(0 - 428/6)?
5
Suppose 14*m - 78251 = -7*m + 83407. What is the units digit of m?
8
Suppose 0 = -5*v + 23875 - 6640. Suppose 0 = -177*m + 186*m - v. What is the tens digit of m?
8
What is the units digit of (0 - -1)*((-90)/(-36) - 46788/(-8))?
1
Suppose 12*y - 1000 = 16*y. Let h = 1 + y. Let u = h - -400. What is the units digit of u?
1
What is the tens digit of (264/(-36) - -9)*1566?
1
Let v(o) be the third derivative of -o**6/120 + 7*o**5/60 - o**4/6 + 4*o**3/3 - 14*o**2. Let b be v(5). Let g = 70 - b. What is the tens digit of g?
3
Let y = -71 + 36. Suppose 5*l = 315 + 635. Let f = l + y. What is the hundreds digit of f?
1
Let q(a) = 19*a**2 - 2*a - 28. Let h be q(5). Let t = h - 130. What is the units digit of t?
7
Suppose -5*k = 132 + 18. What is the units digit of 2184/k*(1 + -6)?
4
Let l(f) = 146*f + 42. Let g be l(-4). Let v = -285 - g. What is the units digit of v?
7
Suppose 4*l + 0*l + 22 = -2*h, l = -2*h - 19. Let y be 1585/(-45)*-33 + 12/h. Suppose -9*k = -18*k + y. What is the hundreds digit of k?
1
Let d(p) be the third derivative of p**5/12 - p**4/24 + p**3 - 56*p**2. What is the tens digit of d(-4)?
9
Let i = 113198 - 36830. What is the thousands digit of i?
6
Suppose 0 = -4*m + 4*t + 816, -6*m + 2*m + 5*t = -820. Let i be m/(6/3)*(-10)/(-25). What is the units digit of ((-4)/(-6))/((i/(-36))/(-5))?
3
Let x = 1414 + -703. Suppose -3*v + 2*a = -x, -5*v - a = 2*a - 1204. What is the tens digit of v?
3
Suppose 16*u = -821 + 31829. Suppose 498 = -12*h + u. What is the tens digit of h?
2
Let l(h) be the first derivative of -11*h**2/2 + 1167. Let v(j) = -j**2 + 4*j + 2. Let u be v(5). What is the tens digit of l(u)?
3
What is the units digit of (-2212 - 9)/(-6 + 44/8)?
2
Let w(a) = -20*a + 1416. Let q be w(0). Suppose 3*v + q = 5*v. What is the hundreds digit of v?
7
Let l(g) = 887*g + 762. What is the tens digit of